{"id":222,"date":"2024-04-19T06:25:56","date_gmt":"2024-04-19T06:25:56","guid":{"rendered":"https:\/\/tim-helmes-photography.de\/?page_id=222"},"modified":"2024-04-19T08:04:08","modified_gmt":"2024-04-19T08:04:08","slug":"fotobox","status":"publish","type":"page","link":"https:\/\/tim-helmes-photography.de\/?page_id=222","title":{"rendered":"FOTOBOX"},"content":{"rendered":"\n<div class=\"wp-block-media-text is-stacked-on-mobile\" style=\"grid-template-columns:30% auto\"><figure class=\"wp-block-media-text__media\"><img loading=\"lazy\" decoding=\"async\" width=\"1024\" height=\"1024\" src=\"https:\/\/tim-helmes-photography.de\/wp-content\/uploads\/2024\/04\/Fotobox-1024x1024.png\" alt=\"\" class=\"wp-image-212 size-full\" srcset=\"https:\/\/tim-helmes-photography.de\/wp-content\/uploads\/2024\/04\/Fotobox-1024x1024.png 1024w, https:\/\/tim-helmes-photography.de\/wp-content\/uploads\/2024\/04\/Fotobox-300x300.png 300w, https:\/\/tim-helmes-photography.de\/wp-content\/uploads\/2024\/04\/Fotobox-150x150.png 150w, https:\/\/tim-helmes-photography.de\/wp-content\/uploads\/2024\/04\/Fotobox-768x768.png 768w, https:\/\/tim-helmes-photography.de\/wp-content\/uploads\/2024\/04\/Fotobox-640x640.png 640w, https:\/\/tim-helmes-photography.de\/wp-content\/uploads\/2024\/04\/Fotobox.png 1080w\" sizes=\"auto, (max-width: 1024px) 100vw, 1024px\" \/><\/figure><div class=\"wp-block-media-text__content\">\n<p><strong>Machen Sie Ihre Veranstaltung mit einer Fotobox zum Highlight! Egal ob Hochzeit, Geburtstagsfeier oder Firmenevent \u2013 unsere Fotobox sorgt f\u00fcr unvergessliche Momente!<\/strong><\/p>\n<\/div><\/div>\n\n\n\n<figure class=\"wp-block-gallery has-nested-images columns-default is-cropped wp-block-gallery-1 is-layout-flex wp-block-gallery-is-layout-flex\">\n<figure class=\"wp-block-image size-large\"><img loading=\"lazy\" decoding=\"async\" width=\"1024\" height=\"1024\" data-id=\"225\" src=\"https:\/\/tim-helmes-photography.de\/wp-content\/uploads\/2024\/04\/Fotobox_1-1024x1024.png\" alt=\"\" class=\"wp-image-225\" srcset=\"https:\/\/tim-helmes-photography.de\/wp-content\/uploads\/2024\/04\/Fotobox_1-1024x1024.png 1024w, https:\/\/tim-helmes-photography.de\/wp-content\/uploads\/2024\/04\/Fotobox_1-300x300.png 300w, https:\/\/tim-helmes-photography.de\/wp-content\/uploads\/2024\/04\/Fotobox_1-150x150.png 150w, https:\/\/tim-helmes-photography.de\/wp-content\/uploads\/2024\/04\/Fotobox_1-768x768.png 768w, https:\/\/tim-helmes-photography.de\/wp-content\/uploads\/2024\/04\/Fotobox_1-640x640.png 640w, https:\/\/tim-helmes-photography.de\/wp-content\/uploads\/2024\/04\/Fotobox_1.png 1080w\" sizes=\"auto, (max-width: 1024px) 100vw, 1024px\" \/><\/figure>\n\n\n\n<figure class=\"wp-block-image size-large\"><img loading=\"lazy\" decoding=\"async\" width=\"1024\" height=\"1024\" data-id=\"227\" src=\"https:\/\/tim-helmes-photography.de\/wp-content\/uploads\/2024\/04\/Fotobox_3-1024x1024.png\" alt=\"\" class=\"wp-image-227\" srcset=\"https:\/\/tim-helmes-photography.de\/wp-content\/uploads\/2024\/04\/Fotobox_3-1024x1024.png 1024w, https:\/\/tim-helmes-photography.de\/wp-content\/uploads\/2024\/04\/Fotobox_3-300x300.png 300w, https:\/\/tim-helmes-photography.de\/wp-content\/uploads\/2024\/04\/Fotobox_3-150x150.png 150w, https:\/\/tim-helmes-photography.de\/wp-content\/uploads\/2024\/04\/Fotobox_3-768x768.png 768w, https:\/\/tim-helmes-photography.de\/wp-content\/uploads\/2024\/04\/Fotobox_3-640x640.png 640w, https:\/\/tim-helmes-photography.de\/wp-content\/uploads\/2024\/04\/Fotobox_3.png 1080w\" sizes=\"auto, (max-width: 1024px) 100vw, 1024px\" \/><\/figure>\n\n\n\n<figure class=\"wp-block-image size-large\"><img loading=\"lazy\" decoding=\"async\" width=\"1024\" height=\"1024\" data-id=\"226\" src=\"https:\/\/tim-helmes-photography.de\/wp-content\/uploads\/2024\/04\/Fotobox_2-1024x1024.png\" alt=\"\" class=\"wp-image-226\" srcset=\"https:\/\/tim-helmes-photography.de\/wp-content\/uploads\/2024\/04\/Fotobox_2-1024x1024.png 1024w, https:\/\/tim-helmes-photography.de\/wp-content\/uploads\/2024\/04\/Fotobox_2-300x300.png 300w, https:\/\/tim-helmes-photography.de\/wp-content\/uploads\/2024\/04\/Fotobox_2-150x150.png 150w, https:\/\/tim-helmes-photography.de\/wp-content\/uploads\/2024\/04\/Fotobox_2-768x768.png 768w, https:\/\/tim-helmes-photography.de\/wp-content\/uploads\/2024\/04\/Fotobox_2-640x640.png 640w, https:\/\/tim-helmes-photography.de\/wp-content\/uploads\/2024\/04\/Fotobox_2.png 1080w\" sizes=\"auto, (max-width: 1024px) 100vw, 1024px\" \/><\/figure>\n<\/figure>\n\n\n\n<p>Das Beste daran: Sie m\u00fcssen sich um nichts k\u00fcmmern! Die Fotobox wird geliefert und funktionsbereit eingerichtet. Danach kann es einfach losgehen. Durch eine leichte und selbsterkl\u00e4rende Bedienung wird die Fotobox zum Highlight! Auch um die Abholung am Folgetag oder noch am Abend wird sich gek\u00fcmmert.<\/p>\n\n\n\n<p>Alle Bilder erhalten Sie im Nachgang zur Veranstaltung bearbeitet in einer Online-Galerie. So k\u00f6nnen Sie diesen direkt ihren G\u00e4sten zur Verf\u00fcgung stellen. Fotodrucker? Kein Problem! Fragen Sie hierzu einfach an.<\/p>\n\n\n\n<p>Stellen Sie gerne eine unverbindliche Kontaktanfrage.<\/p>\n\n\n\n<p class=\"has-large-font-size\"><strong>Kontakt<\/strong><\/p>\n\n\n\n<div class=\"wpcf7 no-js\" id=\"wpcf7-f244-o1\" lang=\"de-DE\" dir=\"ltr\">\n<div class=\"screen-reader-response\"><p role=\"status\" aria-live=\"polite\" aria-atomic=\"true\"><\/p> <ul><\/ul><\/div>\n<form action=\"\/index.php?rest_route=%2Fwp%2Fv2%2Fpages%2F222#wpcf7-f244-o1\" method=\"post\" class=\"wpcf7-form init wpcf7-acceptance-as-validation\" aria-label=\"Kontaktformular\" novalidate=\"novalidate\" data-status=\"init\">\n<div style=\"display: none;\">\n<input type=\"hidden\" name=\"_wpcf7\" value=\"244\" \/>\n<input type=\"hidden\" name=\"_wpcf7_version\" value=\"5.9.3\" \/>\n<input type=\"hidden\" name=\"_wpcf7_locale\" value=\"de_DE\" \/>\n<input type=\"hidden\" name=\"_wpcf7_unit_tag\" value=\"wpcf7-f244-o1\" \/>\n<input type=\"hidden\" name=\"_wpcf7_container_post\" value=\"0\" \/>\n<input type=\"hidden\" name=\"_wpcf7_posted_data_hash\" value=\"\" \/>\n<\/div>\n<p><span class=\"wpcf7-form-control-wrap\" data-name=\"your-name\"><input size=\"40\" maxlength=\"50\" class=\"wpcf7-form-control wpcf7-text wpcf7-validates-as-required\" aria-required=\"true\" aria-invalid=\"false\" placeholder=\"Name*\" value=\"\" type=\"text\" name=\"your-name\" \/><\/span>\n<\/p>\n<p><span class=\"wpcf7-form-control-wrap\" data-name=\"your-email\"><input size=\"40\" maxlength=\"50\" class=\"wpcf7-form-control wpcf7-email wpcf7-validates-as-required wpcf7-text wpcf7-validates-as-email\" aria-required=\"true\" aria-invalid=\"false\" placeholder=\"E-Mail-Adresse*\" value=\"\" type=\"email\" name=\"your-email\" \/><\/span>\n<\/p>\n<p><span class=\"wpcf7-form-control-wrap\" data-name=\"tel-980\"><input size=\"40\" maxlength=\"50\" class=\"wpcf7-form-control wpcf7-tel wpcf7-text wpcf7-validates-as-tel\" aria-invalid=\"false\" placeholder=\"Telefonnummer (optional)\" value=\"\" type=\"tel\" name=\"tel-980\" \/><\/span>\n<\/p>\n<p><span class=\"wpcf7-form-control-wrap\" data-name=\"your-message\"><textarea cols=\"40\" rows=\"10\" maxlength=\"250\" class=\"wpcf7-form-control wpcf7-textarea wpcf7-validates-as-required\" aria-required=\"true\" aria-invalid=\"false\" placeholder=\"Ihre Nachricht* (max. 250 Zeichen)\" name=\"your-message\"><\/textarea><\/span>\n<\/p>\n<p><span class=\"wpcf7-character-count down\" data-target-name=\"your-message\" data-starting-value=\"250\" data-current-value=\"250\" data-maximum-value=\"250\">250<\/span> Zeichen verbleibend\n<\/p>\n<p><span class=\"wpcf7-form-control-wrap\" data-name=\"zustimmung\"><span class=\"wpcf7-form-control wpcf7-acceptance\"><span class=\"wpcf7-list-item\"><label><input type=\"checkbox\" name=\"zustimmung\" value=\"1\" aria-invalid=\"false\" \/><span class=\"wpcf7-list-item-label\">Ich habe die <a href=\"https:\/\/tim-helmes-photography.de\/?page_id=10\">Datenschutzerkl\u00e4rung<\/a> zur Kenntnis genommen und akzeptiert. Ich stimme zu, dass meine Formularangaben zur Kontaktaufnahme bzw. zur Bearbeitung meines Anliegens gespeichert werden.<\/span><\/label><\/span><\/span><\/span>\n<\/p>\n<p><input class=\"wpcf7-form-control wpcf7-submit has-spinner\" type=\"submit\" value=\"Senden\" \/>\n<\/p><div class=\"wpcf7-response-output\" aria-hidden=\"true\"><\/div>\n<\/form>\n<\/div>\n\n","protected":false},"excerpt":{"rendered":"<p>Machen Sie Ihre Veranstaltung mit einer Fotobox zum Highlight! Egal ob Hochzeit, Geburtstagsfeier oder Firmenevent \u2013 unsere Fotobox sorgt f\u00fcr unvergessliche Momente! Das Beste daran: Sie m\u00fcssen sich um nichts k\u00fcmmern! Die Fotobox wird geliefert und funktionsbereit eingerichtet. Danach kann es einfach losgehen. Durch eine leichte und selbsterkl\u00e4rende Bedienung wird die Fotobox zum Highlight! Auch<\/p>\n<p class=\"more-link-wrapper\"><a href=\"https:\/\/tim-helmes-photography.de\/?page_id=222\" class=\"more-link\">Continue Reading<span class=\"screen-reader-text\"> &#8222;FOTOBOX&#8220;<\/span><\/a><\/p>\n","protected":false},"author":1,"featured_media":0,"parent":0,"menu_order":0,"comment_status":"closed","ping_status":"closed","template":"template-full.php","meta":{"footnotes":"","_links_to":"","_links_to_target":""},"class_list":["post-222","page","type-page","status-publish","hentry"],"_links":{"self":[{"href":"https:\/\/tim-helmes-photography.de\/index.php?rest_route=\/wp\/v2\/pages\/222","targetHints":{"allow":["GET"]}}],"collection":[{"href":"https:\/\/tim-helmes-photography.de\/index.php?rest_route=\/wp\/v2\/pages"}],"about":[{"href":"https:\/\/tim-helmes-photography.de\/index.php?rest_route=\/wp\/v2\/types\/page"}],"author":[{"embeddable":true,"href":"https:\/\/tim-helmes-photography.de\/index.php?rest_route=\/wp\/v2\/users\/1"}],"replies":[{"embeddable":true,"href":"https:\/\/tim-helmes-photography.de\/index.php?rest_route=%2Fwp%2Fv2%2Fcomments&post=222"}],"version-history":[{"count":10,"href":"https:\/\/tim-helmes-photography.de\/index.php?rest_route=\/wp\/v2\/pages\/222\/revisions"}],"predecessor-version":[{"id":248,"href":"https:\/\/tim-helmes-photography.de\/index.php?rest_route=\/wp\/v2\/pages\/222\/revisions\/248"}],"wp:attachment":[{"href":"https:\/\/tim-helmes-photography.de\/index.php?rest_route=%2Fwp%2Fv2%2Fmedia&parent=222"}],"curies":[{"name":"wp","href":"https:\/\/api.w.org\/{rel}","templated":true}]}}